{"id":684,"date":"2020-10-04T21:37:18","date_gmt":"2020-10-04T19:37:18","guid":{"rendered":"http:\/\/martinebonamy.fr\/?page_id=684"},"modified":"2020-10-20T16:00:40","modified_gmt":"2020-10-20T14:00:40","slug":"inspiration-vieira-da-silva","status":"publish","type":"page","link":"https:\/\/martinebonamy.fr\/?page_id=684","title":{"rendered":"Inspiration Vieira Da Silva"},"content":{"rendered":"<div id='full_slider_1'  class='avia-fullwidth-slider main_color avia-shadow   avia-builder-el-0  el_before_av_textblock  avia-builder-el-first   container_wrap sidebar_right' style=' '  ><div   data-size='featured'  data-lightbox_size='large'  data-animation='slide'  data-conditional_play=''  data-ids='687'  data-video_counter='0'  data-autoplay='false'  data-bg_slider='false'  data-slide_height=''  data-handle='av_slideshow_full'  data-interval='5'  data-class=' '  data-el_id=''  data-css_id=''  data-scroll_down=''  data-control_layout='av-control-default'  data-custom_markup=''  data-perma_caption='aviaTBperma_caption'  data-autoplay_stopper=''  data-image_attachment=''  data-min_height='0px'  data-lazy_loading='disabled'  data-src=''  data-position='top left'  data-repeat='no-repeat'  data-attach='scroll'  data-stretch=''  data-default-height='28.666666666667'  class='avia-slideshow avia-slideshow-1  av-control-default av-default-height-applied avia-slideshow-featured av_slideshow_full   avia-slide-slider '  itemprop=\"image\" itemscope=\"itemscope\" itemtype=\"https:\/\/schema.org\/ImageObject\" ><ul class='avia-slideshow-inner ' style='padding-bottom: 28.666666666667%;' ><li  class=' av-single-slide slide-1 ' ><div data-rel='slideshow-1' class='avia-slide-wrap '   ><img class=\"wp-image-687 avia-img-lazy-loading-not-687\"  src=\"https:\/\/martinebonamy.fr\/wp-content\/uploads\/2020\/10\/Vers-la-lumiere-3-1500x430.jpg\" width=\"1500\" height=\"430\" title='Vers la lumi\u00e8re' alt=''  itemprop=\"thumbnailUrl\"   \/><\/div><\/li><\/ul><div class = \"caption_fullwidth av-slideshow-caption caption_center\"><div class = \"container caption_container\"><div class = \"slideshow_caption\"><div class = \"slideshow_inner_caption\"><div class = \"slideshow_align_caption\"><h2  style='font-size:60px; ' class='avia-caption-title  '  itemprop=\"name\" >Inspiration Vieira Da Silva<\/h2><\/div><\/div><\/div><\/div><\/div><\/div><\/div><div id='after_full_slider_1'  class='main_color av_default_container_wrap container_wrap sidebar_right' style=' '  ><div class='container' ><div class='template-page content  av-content-small alpha units'><div class='post-entry post-entry-type-page post-entry-684'><div class='entry-content-wrapper clearfix'>\n<section class=\"av_textblock_section \"  itemscope=\"itemscope\" itemtype=\"https:\/\/schema.org\/CreativeWork\" ><div class='avia_textblock  '   itemprop=\"text\" ><h3 style=\"text-align: center;\">Le testament de Maria Elena Vieira da Silva<\/h3>\n<h3 style=\"text-align: center;\">\u00abJe l\u00e8gue \u00e0 mes amis<br \/>\nUn bleu c\u00e6ruleum pour voler haut<br \/>\nUn bleu de cobalt pour le bonheur<br \/>\nUn bleu d\u2019outremer pour stimuler l\u2019esprit<br \/>\nUn vermillon pour faire circuler le sang all\u00e8grement<br \/>\nUn vert mousse pour apaiser les nerfs<br \/>\nUn jaune d\u2019or&#8230;richesse<br \/>\nUn violet de cobalt pour la r\u00eaverie<br \/>\nUne garance qui fait entendre le violoncelle<br \/>\nUn jaune barite; science &#8211; fiction, brillance, \u00e9clat<br \/>\nUn ocre jaune pour accepter la terre<br \/>\nUn vert V\u00e9ron\u00e8se pour la m\u00e9moire du printemps<br \/>\nUn indigo pour pouvoir accorder l\u2019esprit \u00e0 l\u2019orage<br \/>\nUn orange pour exercer la vue d\u2019un citronnier au loin<br \/>\nUn jaune citron pour la gr\u00e2ce<br \/>\nUn blanc pur; puret\u00e9<br \/>\nUne terre de Sienne naturelle; la transmutation de l\u2019or<br \/>\nUn noir somptueux pour voir Titien<br \/>\nUne terre d\u2019ombre pour mieux accepter la m\u00e9lancolie noire<br \/>\nUne terre de Sienne br\u00fbl\u00e9e pour le sentiment de dur\u00e9e\u00bb.<\/h3>\n<h3 style=\"text-align: center;\"><\/h3>\n<\/div><\/section>\n<div  class='avia-gallery  avia-gallery-1 deactivate_avia_lazyload avia-gallery-animate avia_animate_when_visible  avia-builder-el-2  el_after_av_textblock  avia-builder-el-last '  itemprop=\"image\" itemscope=\"itemscope\" itemtype=\"https:\/\/schema.org\/ImageObject\" ><div class='avia-gallery-thumb'> <a href='https:\/\/martinebonamy.fr\/wp-content\/uploads\/2020\/10\/vers-la-lumiere-1-1030x835.jpg' data-rel='gallery-1' data-prev-img='https:\/\/martinebonamy.fr\/wp-content\/uploads\/2020\/10\/vers-la-lumiere-1-495x400.jpg' class='first_thumb lightbox ' data-onclick='1' title=''  itemprop=\"thumbnailUrl\"  ><img class=\"wp-image-685 avia-img-lazy-loading-not-685\"   src=\"https:\/\/martinebonamy.fr\/wp-content\/uploads\/2020\/10\/vers-la-lumiere-1-495x400.jpg\" width=\"495\" height=\"400\"  title='Sortie du tunnel' alt='' srcset=\"https:\/\/martinebonamy.fr\/wp-content\/uploads\/2020\/10\/vers-la-lumiere-1-495x400.jpg 495w, https:\/\/martinebonamy.fr\/wp-content\/uploads\/2020\/10\/vers-la-lumiere-1-300x243.jpg 300w, https:\/\/martinebonamy.fr\/wp-content\/uploads\/2020\/10\/vers-la-lumiere-1-1030x835.jpg 1030w, https:\/\/martinebonamy.fr\/wp-content\/uploads\/2020\/10\/vers-la-lumiere-1-768x622.jpg 768w, https:\/\/martinebonamy.fr\/wp-content\/uploads\/2020\/10\/vers-la-lumiere-1-1536x1245.jpg 1536w, https:\/\/martinebonamy.fr\/wp-content\/uploads\/2020\/10\/vers-la-lumiere-1-1500x1216.jpg 1500w, https:\/\/martinebonamy.fr\/wp-content\/uploads\/2020\/10\/vers-la-lumiere-1-845x684.jpg 845w, https:\/\/martinebonamy.fr\/wp-content\/uploads\/2020\/10\/vers-la-lumiere-1-705x571.jpg 705w, https:\/\/martinebonamy.fr\/wp-content\/uploads\/2020\/10\/vers-la-lumiere-1.jpg 1920w\" sizes=\"(max-width: 495px) 100vw, 495px\" \/><\/a> <a href='https:\/\/martinebonamy.fr\/wp-content\/uploads\/2020\/10\/Vers-la-lumiere-2-1004x1030.jpg' data-rel='gallery-1' data-prev-img='https:\/\/martinebonamy.fr\/wp-content\/uploads\/2020\/10\/Vers-la-lumiere-2-495x400.jpg' class='lightbox ' data-onclick='2' title=''  itemprop=\"thumbnailUrl\"  ><img class=\"wp-image-686 avia-img-lazy-loading-not-686\"   src=\"https:\/\/martinebonamy.fr\/wp-content\/uploads\/2020\/10\/Vers-la-lumiere-2-495x400.jpg\" width=\"495\" height=\"400\"  title='Au-del\u00e0' alt='' srcset=\"https:\/\/martinebonamy.fr\/wp-content\/uploads\/2020\/10\/Vers-la-lumiere-2-495x400.jpg 495w, https:\/\/martinebonamy.fr\/wp-content\/uploads\/2020\/10\/Vers-la-lumiere-2-845x684.jpg 845w\" sizes=\"(max-width: 495px) 100vw, 495px\" \/><\/a> <a href='https:\/\/martinebonamy.fr\/wp-content\/uploads\/2020\/10\/Vers-la-lumiere-3-1030x1015.jpg' data-rel='gallery-1' data-prev-img='https:\/\/martinebonamy.fr\/wp-content\/uploads\/2020\/10\/Vers-la-lumiere-3-495x400.jpg' class='lightbox ' data-onclick='3' title=''  itemprop=\"thumbnailUrl\"  ><img class=\"wp-image-687 avia-img-lazy-loading-not-687\"   src=\"https:\/\/martinebonamy.fr\/wp-content\/uploads\/2020\/10\/Vers-la-lumiere-3-495x400.jpg\" width=\"495\" height=\"400\"  title='Vers la lumi\u00e8re' alt='' srcset=\"https:\/\/martinebonamy.fr\/wp-content\/uploads\/2020\/10\/Vers-la-lumiere-3-495x400.jpg 495w, https:\/\/martinebonamy.fr\/wp-content\/uploads\/2020\/10\/Vers-la-lumiere-3-845x684.jpg 845w\" sizes=\"(max-width: 495px) 100vw, 495px\" \/><\/a><\/div><\/div>\n","protected":false},"excerpt":{"rendered":"","protected":false},"author":2,"featured_media":0,"parent":0,"menu_order":0,"comment_status":"closed","ping_status":"closed","template":"","meta":[],"_links":{"self":[{"href":"https:\/\/martinebonamy.fr\/index.php?rest_route=\/wp\/v2\/pages\/684"}],"collection":[{"href":"https:\/\/martinebonamy.fr\/index.php?rest_route=\/wp\/v2\/pages"}],"about":[{"href":"https:\/\/martinebonamy.fr\/index.php?rest_route=\/wp\/v2\/types\/page"}],"author":[{"embeddable":true,"href":"https:\/\/martinebonamy.fr\/index.php?rest_route=\/wp\/v2\/users\/2"}],"replies":[{"embeddable":true,"href":"https:\/\/martinebonamy.fr\/index.php?rest_route=%2Fwp%2Fv2%2Fcomments&post=684"}],"version-history":[{"count":3,"href":"https:\/\/martinebonamy.fr\/index.php?rest_route=\/wp\/v2\/pages\/684\/revisions"}],"predecessor-version":[{"id":888,"href":"https:\/\/martinebonamy.fr\/index.php?rest_route=\/wp\/v2\/pages\/684\/revisions\/888"}],"wp:attachment":[{"href":"https:\/\/martinebonamy.fr\/index.php?rest_route=%2Fwp%2Fv2%2Fmedia&parent=684"}],"curies":[{"name":"wp","href":"https:\/\/api.w.org\/{rel}","templated":true}]}}